{"id":39,"date":"2024-03-25T15:12:38","date_gmt":"2024-03-25T14:12:38","guid":{"rendered":"https:\/\/infiniprintemps.com\/?page_id=39"},"modified":"2025-07-24T12:12:00","modified_gmt":"2025-07-24T10:12:00","slug":"accueil","status":"publish","type":"page","link":"https:\/\/infiniprintemps.com\/","title":{"rendered":"Floriculture de papier cr\u00eap\u00e9"},"content":{"rendered":"\n<p>Savoir-faire singulier, la floriculture de papier fait fleurir des pi\u00e8ces florales exclusivement en papier cr\u00eap\u00e9, en pi\u00e8ces uniques ou petites s\u00e9ries enti\u00e8rement r\u00e9alis\u00e9es \u00e0 la main.<\/p>\n\n\n\n<p>Sous le nom&nbsp;<em>Infini Printemps<\/em>, comme une promesse, ce savoir-faire artisanal s\u2019ancre dans l\u2019observation du vivant, la recherche formelle et l\u2019attention port\u00e9e au d\u00e9tail. Ces pi\u00e8ces durables, fa\u00e7onn\u00e9es avec minutie, subliment le graphisme de la nature tout en la pr\u00e9servant. Elles viennent fleurir int\u00e9rieurs, d\u00e9cors ou \u00e9v\u00e9nements de fa\u00e7on p\u00e9renne, en jouant avec le r\u00e9el pour semer l\u2019\u00e9merveillement.<\/p>\n\n\n\n<p>V\u00e9ritables sculptures de papier, chaque fleur peut \u00eatre personnalis\u00e9e avec l\u2019exigence de retranscrire la richesse et la d\u00e9licatesse du v\u00e9g\u00e9tal ou juste une envie de fantaisie !<br>Inspir\u00e9 par le graphisme des fleurs,\u00a0Infini Printemps\u00a0cultive le singulier : formes rares, r\u00e9alistes ou imaginaires, loin des codes de la fleur artificielle. Une mani\u00e8re de mettre en sc\u00e8ne un monde sensible, o\u00f9 l\u2019\u00e9tonnement prend racine.<\/p>\n","protected":false},"excerpt":{"rendered":"<p>Savoir-faire singulier, la floriculture de papier fait fleurir des pi\u00e8ces florales exclusivement en papier cr\u00eap\u00e9, en pi\u00e8ces uniques ou petites s\u00e9ries enti\u00e8rement r\u00e9alis\u00e9es \u00e0 la main. Sous le nom&nbsp;Infini Printemps, comme une promesse, ce savoir-faire artisanal s\u2019ancre dans l\u2019observation du vivant, la recherche formelle et l\u2019attention port\u00e9e au d\u00e9tail. Ces pi\u00e8ces durables, fa\u00e7onn\u00e9es avec minutie, &hellip; <\/p>\n<p class=\"link-more\"><a href=\"https:\/\/infiniprintemps.com\/\" class=\"more-link\">Continuer la lecture<span class=\"screen-reader-text\"> de &laquo;&nbsp;Floriculture de papier cr\u00eap\u00e9&nbsp;&raquo;<\/span><\/a><\/p>\n","protected":false},"author":1,"featured_media":113,"parent":0,"menu_order":0,"comment_status":"closed","ping_status":"closed","template":"","meta":{"footnotes":""},"class_list":["post-39","page","type-page","status-publish","has-post-thumbnail","hentry"],"_links":{"self":[{"href":"https:\/\/infiniprintemps.com\/index.php\/wp-json\/wp\/v2\/pages\/39","targetHints":{"allow":["GET"]}}],"collection":[{"href":"https:\/\/infiniprintemps.com\/index.php\/wp-json\/wp\/v2\/pages"}],"about":[{"href":"https:\/\/infiniprintemps.com\/index.php\/wp-json\/wp\/v2\/types\/page"}],"author":[{"embeddable":true,"href":"https:\/\/infiniprintemps.com\/index.php\/wp-json\/wp\/v2\/users\/1"}],"replies":[{"embeddable":true,"href":"https:\/\/infiniprintemps.com\/index.php\/wp-json\/wp\/v2\/comments?post=39"}],"version-history":[{"count":6,"href":"https:\/\/infiniprintemps.com\/index.php\/wp-json\/wp\/v2\/pages\/39\/revisions"}],"predecessor-version":[{"id":212,"href":"https:\/\/infiniprintemps.com\/index.php\/wp-json\/wp\/v2\/pages\/39\/revisions\/212"}],"wp:featuredmedia":[{"embeddable":true,"href":"https:\/\/infiniprintemps.com\/index.php\/wp-json\/wp\/v2\/media\/113"}],"wp:attachment":[{"href":"https:\/\/infiniprintemps.com\/index.php\/wp-json\/wp\/v2\/media?parent=39"}],"curies":[{"name":"wp","href":"https:\/\/api.w.org\/{rel}","templated":true}]}}